 is divided by h?
21
Let o be (-42)/(-9) + (-2)/3. Suppose 33 = -d - 0*x + x, o*d + 116 = -4*x. Let c = 35 + d. Calculate the remainder when 15 is divided by c.
3
Let v be 51/6 + 6/12. Let m be 9/(-3 - v/(-2)). Suppose -d + 11 = -m. What is the remainder when 67 is divided by d?
16
Let c(v) = -v**3 + 4*v**2 + v - 1. Let y be c(4). Suppose 0 = 4*i - 16, y*i = l + 4*l - 353. Calculate the remainder when l is divided by 19.
16
Let g(k) = 4*k + 22. Calculate the remainder when 175 is divided by g(6).
37
Suppose 0 = -3*j - 0*y - y + 138, 0 = j - y - 42. What is the remainder when j is divided by 4?
1
Suppose 1527 = 5*o + 4*s, -o = -s - 276 - 33. What is the remainder when o is divided by 96?
19
Suppose -5*a + a = 12. Suppose 0 = -2*o + 4, 0 = -4*j - 4*o + 8 + 44. Let v = j - a. Calculate the remainder when v is divided by 8.
6
Suppose -5 = 5*u, -25 = -4*s + 3*u + 170. Let m = s + -27. Calculate the remainder when 39 is divided by m.
18
Suppose 5*j - 45 = -20. Let l = 34 - 10. Suppose 9*w - j*w = l. Calculate the remainder when 17 is divided by w.
5
Let h = 40 + 0. What is the remainder when 439 is divided by h?
39
Calculate the remainder when (-2889)/(-99) - 4/22 is divided by 14.
1
Let k(b) = -b**3 - 9*b**2 - 29*b - 8. What is the remainder when 257 is divided by k(-5)?
35
Suppose c = -r + 69, -c = 6*r - 4*r - 69. Calculate the remainder when c is divided by 35.
34
Suppose -2*s + d + 3*d = -46, -3*s + 4*d + 67 = 0. Let i(k) = 4*k**2 - 10*k + 1. Let y be i(10). What is the remainder when y/5 + (-6)/30 is divided by s?
18
Let p = -42 + 59. Suppose 136*j - 3*q = 138*j - 151, -4*q = 2*j - 146. Calculate the remainder when j is divided by p.
15
Suppose g = 25*g - 12096. Calculate the remainder when g is divided by 103.
92
Calculate the remainder when 3/(-8) + ((-2587)/(-8) - -11) is divided by 16.
14
Suppose 60 = 33*j - 30*j. Calculate the remainder when 54 is divided by j.
14
Let a(p) = p**3 + 12*p**2 + 10*p - 13. Suppose 0 = -2*q - 6 - 14. Calculate the remainder when a(q) is divided by (-2)/4 + (-180)/(-8).
21
Suppose y = -4*w + 129, -2*w = -5*y - 34 - 3. What is the remainder when 61 is divided by w?
30
Let y = -26 + 55. Suppose -23 - y = -i. Let h = -328 - -337. Calculate the remainder when i is divided by h.
7
Let r(u) = 15 - 40 + 11*u - 28. Calculate the remainder when r(8) is divided by 12.
11
Suppose s = -0*s - 3. Let f(o) = o**2 + 3*o + 3. What is the remainder when 4 is divided by f(s)?
1
Let h(c) = -2*c - 7. Let k be h(-5). Suppose k*o + o = y + 117, 4*y + 4 = 0. Let z(q) = -2*q - 2. What is the remainder when o is divided by z(-6)?
9
Suppose -3*a = -3 - 3. Calculate the remainder when 9 is divided by a + (-8)/6 + 28/12.
0
Let b = -422 + 551. What is the remainder when b is divided by 27?
21
Let m(d) = 48*d**2 - 4*d + 4. Let h(r) = r - 4. Let w be h(0). What is the remainder when m(1) is divided by 50/w*16/(-20)?
8
Let b be ((-18)/45)/((-3)/1230). Suppose 0*h + 4*h = b. What is the remainder when h is divided by 7?
6
Let v = -24 + 30. Calculate the remainder when (-10*(-3 + 5))/(5 - 6) is divided by v.
2
Let p = -10 + 18. Let m be (-30)/90 - 62/(-6). Suppose m*r = 8*r + 28. Calculate the remainder when r is divided by p.
6
Let t = -97 - -163. Suppose -1 = 3*m + 8, 3*h - t = 2*m. What is the remainder when h is divided by (-16)/8*(-3 - 1)?
4
Let m = 422 - 413. Calculate the remainder when 107 is divided by m.
8
Let b(n) = 12*n**2 + 3*n + 7. What is the remainder when 193 is divided by b(-2)?
46
Suppose -5*l = 2*t - 25, -t - 12 - 7 = -2*l. Let d = 42 - 25. Suppose -q + 0*q = -4*j + d, -4*j - 5*q - 13 = 0. Calculate the remainder when l is divided by j.
1
Let i be (-36)/(-8)*20/(-6). Let x = i + 67. What is the remainder when x is divided by 28?
24
Suppose 2*l - 32*l + 270 = 0. Calculate the remainder when 438 is divided by l.
6
Suppose 196 = 2*n - 70. Let v = n - 125. What is the remainder when 76 is divided by v?
4
Suppose -13*v + 26 = -26. Suppose -5*z + 670 = -v*u + 93, 0 = 5*z - 2*u - 571. Calculate the remainder when z is divided by 29.
26
Suppose -24 = q - 5*q. Let i be 6*((-8)/(-4))/(-2). Calculate the remainder when 15/10*(0 - i) is divided by q.
3
Let b be (-4 - -3)*(-2 + 0). Suppose 0*i = -2*i - b. What is the remainder when 33 is divided by 119/7 + (-1 - i)?
16
Suppose 4*o = w - 23, -16 = -4*w + 2*w - 2*o. Calculate the remainder when ((-2)/(-4))/(4/344) is divided by w.
10
Let v = 61 - 2. Suppose -5*y = 3*h - 6*h + v, 5*h + 5*y = 165. Calculate the remainder when h is divided by 8.
4
Let x = -12 + 38. Let z = x + -26. Suppose j + z*j = 10. Calculate the remainder when 15 is divided by j.
5
Let h = -2473 - -2578. Calculate the remainder when 111 is divided by h.
6
Let j(z) = 8 - 96 + 37 + 23 + 13*z. Calculate the remainder when 51 is divided by j(3).
7
Suppose 2*r - a = 3*a - 2, 0 = 4*r + 3*a + 15. Suppose 2*w - 23 = 7. Let f = w + r. What is the remainder when 58 is divided by f?
10
Suppose -4*z = -o + 4, -z - 2*o = 4*z + 18. Let l = z - -3. Calculate the remainder when 2 is divided by l.
0
Let f = 98 - 70. Suppose 4*c - 24 = -2*x - 3*x, -4*x = 5*c - 21. Calculate the remainder when (x/1)/(2/41) is divided by f.
26
Let h = 875 - 726. Calculate the remainder when h is divided by 80.
69
Let k = -62 - -16. Let z = -39 - k. Calculate the remainder when 25 is divided by z.
4
Let g = -332 + 387. Let p(j) = 5*j**2 - 4*j + 2. What is the remainder when g is divided by p(2)?
13
Suppose a = 4*a - 18. Let o(c) be the first derivative of c**2/2 - 3*c + 9. Calculate the remainder when 8 is divided by o(a).
2
Suppose 0 = -4*k + 964 - 356. Calculate the remainder when k is divided by 31.
28
Suppose 16*y + k + 21 = 20*y, 2*y + 3 = 5*k. What is the remainder when y is divided by 4?
2
Let f be 7/(-14)*0/(-2). Suppose m + f = 4. Suppose -5*d - m*a = -182, 0 = -3*d - 3*a + 108. Calculate the remainder when 74 is divided by d.
36
Suppose y = -v - 4*v - 548, -2*y - v = 1051. Calculate the remainder when (-12)/(-30) + y/(-5) is divided by 30.
15
Let l(w) = w**3 - 14*w**2 - 16*w + 19. Let k be l(15). Calculate the remainder when 23 is divided by (14 - k - 1) + 3.
11
Suppose 0 = 5*y - 3*u - 280, -2*y + 100 = 4*u - 38. Suppose 0 = 4*j, 2*t = j - 6*j - 70. Let l = 51 + t. What is the remainder when y is divided by l?
11
Suppose -147 = -5*v + 93. Suppose 3*m + v = 6*m. Calculate the remainder when 18 is divided by m.
2
Let i be 71*-1*(-3 + 4). Let a = -50 - i. Suppose -2*w = 2*c - 4, 2*w = -4*c - w + 12. Calculate the remainder when a is divided by c.
3
Suppose -27 + 119 = 4*s + 3*h, 0 = -s - 4*h + 23. Calculate the remainder when 103 is divided by s.
11
Suppose -33 - 49 = -3*l - 5*k, 0 = -5*l - 3*k + 110. Suppose 2*t = -3*d + d, 2*d = t + 15. Let g = d + 2. Calculate the remainder when l is divided by g.
5
Let u = 6 + -10. What is the remainder when (1 - 7/4)*u is divided by (66/99)/((-4)/(-18))?
0
Let x(y) = 2*y**3 + 60*y**2 - y - 22. What is the remainder when 13 is divided by x(-30)?
5
Let k = 9 - 19. Suppose 3*o - 15 = 0, -o + 141 = 2*h - 2*o. What is the remainder when h is divided by (k - -25) + (-1 - -1)?
13
Let n(j) = -24*j + 218. What is the remainder when n(5) is divided by 41?
16
Let f(z) = 2*z**2 + 2*z + 7 + 2*z**2 - 3*z**2. Calculate the remainder when 90 is divided by f(4).
28
Let w(s) = 3*s - 47. Let k(j) = -2*j + 24. Let f(v) = -7*k(v) - 3*w(v). What is the remainder when 114 is divided by f(10)?
22
Suppose -2*l = -0*l. Let x = -5 + 22. What is the remainder when 32 - l*(-2)/6 is divided by x?
15
Let o(a) be the third derivative of a**6/120 + a**5/12 - a**4/24 + a**3 + 19*a**2. What is the remainder when 103 is divided by o(-4)?
25
Let a(v) = -v**3 + 16*v**2 - 13*v - 33. Let s be a(15). Calculate the remainder when 57 is divided by (-15)/(1*(9/s)/3).
12
Let j(k) be the third derivative of k**6/120 + k**5/10 - k**4/24 + k**3/2 + 3*k**2. Calculate the remainder when 26 is divided by j(-6).
8
Suppose -3*r = 2*f - 94, -r + f + 22 = -1. Calculate the remainder when r is divided by 11.
6
Let b(n) be the first derivative of n**2/2 + 21*n - 1. What is the remainder when 47 is divided by b(-4)?
13
Suppose -3*i + 4*a = -70, 0*i + i - 22 = 2*a. Suppose -3*h + 43 = -i. What is the remainder when 44 is divided by h?
21
What is the remainder when (-1